{"id":737,"date":"2016-06-20T19:30:25","date_gmt":"2016-06-20T17:30:25","guid":{"rendered":"https:\/\/www.tasteofsardinia.it\/?page_id=737"},"modified":"2016-06-20T19:31:03","modified_gmt":"2016-06-20T17:31:03","slug":"cantina-sociale-della-vernaccia","status":"publish","type":"page","link":"https:\/\/www.tasteofsardinia.it\/?page_id=737","title":{"rendered":"Cantina Sociale della Vernaccia"},"content":{"rendered":"<div class=\"drawer-bodybox\">\n<div class=\"drawer-bodybox01\">\n<div class=\"drawer-bodybox02 clearfix\">\n<div class=\"drawer-txtbox\">\n<p><img decoding=\"async\" loading=\"lazy\" class=\"size-full wp-image-739 aligncenter\" src=\"https:\/\/www.tasteofsardinia.it\/wp-content\/uploads\/2016\/06\/cantina-della-vernaccia.png\" alt=\"cantina della vernaccia\" width=\"300\" height=\"168\" \/><\/p>\n<p><img decoding=\"async\" loading=\"lazy\" class=\"aligncenter size-full wp-image-738\" src=\"https:\/\/www.tasteofsardinia.it\/wp-content\/uploads\/2016\/06\/vini-vernaccia.png\" alt=\"vini vernaccia\" width=\"320\" height=\"100\" \/><\/p>\n<p>La <strong>Cantina<\/strong> Sociale della <strong>Vernaccia<\/strong> di <strong>Oristano<\/strong> produce <strong>vini<\/strong> d&#8217;eccellenza in <strong>Sardegna<\/strong>, presso l&#8217; <strong>enoteca<\/strong> interna \u00e8 possibile acquistare direttamente i vini.<\/p>\n<p>Da oltre mezzo secolo, l&#8217;azienda coniuga la qualit\u00e0 delle uve autoctone del territorio di Oristano con la qualit\u00e0 e le tecniche di ultima generazione che vengono utilizzate per la coltivazione delle viti. \u00a0Fondata nel 1953, la <strong>Cantina Sociale della Vernaccia<\/strong> continua a raccogliere consensi in tutta Europa per la qualit\u00e0 dei propri prodotti.<\/p>\n<div class=\"drawer-txtbox\">\n<p>Diverse le qualit\u00e0 prodotte presso i nostri vigneti: <strong>vini eccellenti e D.O.C.<\/strong> che ogni giorno conquistano nuovi settori del mercato nazionale ed estero.<\/p>\n<p>&nbsp;<\/p>\n<\/div>\n<p><img decoding=\"async\" loading=\"lazy\" class=\"wp-image-740 alignleft\" src=\"https:\/\/www.tasteofsardinia.it\/wp-content\/uploads\/2016\/06\/rimedio.jpg\" alt=\"rimedio\" width=\"173\" height=\"264\" srcset=\"https:\/\/www.tasteofsardinia.it\/wp-content\/uploads\/2016\/06\/rimedio.jpg 650w, https:\/\/www.tasteofsardinia.it\/wp-content\/uploads\/2016\/06\/rimedio-600x918.jpg 600w\" sizes=\"(max-width: 173px) 100vw, 173px\" \/><\/p>\n<\/div>\n<\/div>\n<\/div>\n<\/div>\n<p>CANTINA SOCIALE DELLA VERNACCIA | 6\/A, Via Oristano &#8211; 09170 Oristano (OR) &#8211; Italia | P.I. 00042440958 | Tel. +39 0783 33383 | Fax. +39 0783 33860 | <a href=\"mailto:vinovernaccia@tiscali.it\">vinovernaccia@tiscali.it<\/a>\u00a0 \u00a0\u00a0<a href=\"http:\/\/www.cantinadellavernaccia.it\/\">http:\/\/www.cantinadellavernaccia.it\/<\/a><\/p>\n","protected":false},"excerpt":{"rendered":"<p>La Cantina Sociale della Vernaccia di Oristano produce vini d&#8217;eccellenza in Sardegna, presso l&#8217; enoteca interna \u00e8 possibile acquistare direttamente i vini. Da oltre mezzo secolo, l&#8217;azienda coniuga la qualit\u00e0 delle uve autoctone del territorio di Oristano con la qualit\u00e0 e le tecniche di ultima generazione che vengono utilizzate per la coltivazione delle viti. \u00a0Fondata<\/p>\n","protected":false},"author":1,"featured_media":0,"parent":326,"menu_order":0,"comment_status":"closed","ping_status":"closed","template":"page-fullwidth.php","meta":{"footnotes":""},"yoast_head":"<!-- This site is optimized with the Yoast SEO plugin v16.7 - https:\/\/yoast.com\/wordpress\/plugins\/seo\/ -->\n<title>Cantina Sociale della Vernaccia - TASTE OF SARDINIA - Gusto di Sardegna<\/title>\n<meta name=\"robots\" content=\"index, follow, max-snippet:-1, max-image-preview:large, max-video-preview:-1\" \/>\n<link rel=\"canonical\" href=\"https:\/\/www.tasteofsardinia.it\/?page_id=737\" \/>\n<meta property=\"og:locale\" content=\"it_IT\" \/>\n<meta property=\"og:type\" content=\"article\" \/>\n<meta property=\"og:title\" content=\"Cantina Sociale della Vernaccia - TASTE OF SARDINIA - Gusto di Sardegna\" \/>\n<meta property=\"og:description\" content=\"La Cantina Sociale della Vernaccia di Oristano produce vini d&#8217;eccellenza in Sardegna, presso l&#8217; enoteca interna \u00e8 possibile acquistare direttamente i vini. Da oltre mezzo secolo, l&#8217;azienda coniuga la qualit\u00e0 delle uve autoctone del territorio di Oristano con la qualit\u00e0 e le tecniche di ultima generazione che vengono utilizzate per la coltivazione delle viti. \u00a0Fondata\" \/>\n<meta property=\"og:url\" content=\"https:\/\/www.tasteofsardinia.it\/?page_id=737\" \/>\n<meta property=\"og:site_name\" content=\"TASTE OF SARDINIA - Gusto di Sardegna\" \/>\n<meta property=\"article:modified_time\" content=\"2016-06-20T17:31:03+00:00\" \/>\n<meta property=\"og:image\" content=\"https:\/\/www.tasteofsardinia.it\/wp-content\/uploads\/2016\/06\/cantina-della-vernaccia.png\" \/>\n<meta name=\"twitter:card\" content=\"summary_large_image\" \/>\n<meta name=\"twitter:site\" content=\"@Tasteofsardinia\" \/>\n<meta name=\"twitter:label1\" content=\"Tempo di lettura stimato\" \/>\n\t<meta name=\"twitter:data1\" content=\"1 minuto\" \/>\n<script type=\"application\/ld+json\" class=\"yoast-schema-graph\">{\"@context\":\"https:\/\/schema.org\",\"@graph\":[{\"@type\":\"Organization\",\"@id\":\"https:\/\/www.tasteofsardinia.it\/#organization\",\"name\":\"TASTE O SARDINIA\",\"url\":\"https:\/\/www.tasteofsardinia.it\/\",\"sameAs\":[\"https:\/\/twitter.com\/Tasteofsardinia\"],\"logo\":{\"@type\":\"ImageObject\",\"@id\":\"https:\/\/www.tasteofsardinia.it\/#logo\",\"inLanguage\":\"it-IT\",\"url\":\"https:\/\/www.tasteofsardinia.it\/wp-content\/uploads\/2018\/01\/consegna-logo.png\",\"contentUrl\":\"https:\/\/www.tasteofsardinia.it\/wp-content\/uploads\/2018\/01\/consegna-logo.png\",\"width\":200,\"height\":190,\"caption\":\"TASTE O SARDINIA\"},\"image\":{\"@id\":\"https:\/\/www.tasteofsardinia.it\/#logo\"}},{\"@type\":\"WebSite\",\"@id\":\"https:\/\/www.tasteofsardinia.it\/#website\",\"url\":\"https:\/\/www.tasteofsardinia.it\/\",\"name\":\"TASTE OF SARDINIA - Gusto di Sardegna\",\"description\":\"Promozione del turismo enogastronomico e per la tutela dell&#039;identit\\u00e0 Territoriale dei prodotti agroalimentari e vinicoli. Programmazione e promozione Tours enogastronomici e culturali.  Marchio di Identit\\u00e0 Territoriale Registrazione \\u00ae n. 302016000035074\",\"publisher\":{\"@id\":\"https:\/\/www.tasteofsardinia.it\/#organization\"},\"potentialAction\":[{\"@type\":\"SearchAction\",\"target\":{\"@type\":\"EntryPoint\",\"urlTemplate\":\"https:\/\/www.tasteofsardinia.it\/?s={search_term_string}\"},\"query-input\":\"required name=search_term_string\"}],\"inLanguage\":\"it-IT\"},{\"@type\":\"ImageObject\",\"@id\":\"https:\/\/www.tasteofsardinia.it\/?page_id=737#primaryimage\",\"inLanguage\":\"it-IT\",\"url\":\"https:\/\/www.tasteofsardinia.it\/wp-content\/uploads\/2016\/06\/cantina-della-vernaccia.png\",\"contentUrl\":\"https:\/\/www.tasteofsardinia.it\/wp-content\/uploads\/2016\/06\/cantina-della-vernaccia.png\",\"width\":300,\"height\":168},{\"@type\":\"WebPage\",\"@id\":\"https:\/\/www.tasteofsardinia.it\/?page_id=737#webpage\",\"url\":\"https:\/\/www.tasteofsardinia.it\/?page_id=737\",\"name\":\"Cantina Sociale della Vernaccia - TASTE OF SARDINIA - Gusto di Sardegna\",\"isPartOf\":{\"@id\":\"https:\/\/www.tasteofsardinia.it\/#website\"},\"primaryImageOfPage\":{\"@id\":\"https:\/\/www.tasteofsardinia.it\/?page_id=737#primaryimage\"},\"datePublished\":\"2016-06-20T17:30:25+00:00\",\"dateModified\":\"2016-06-20T17:31:03+00:00\",\"breadcrumb\":{\"@id\":\"https:\/\/www.tasteofsardinia.it\/?page_id=737#breadcrumb\"},\"inLanguage\":\"it-IT\",\"potentialAction\":[{\"@type\":\"ReadAction\",\"target\":[\"https:\/\/www.tasteofsardinia.it\/?page_id=737\"]}]},{\"@type\":\"BreadcrumbList\",\"@id\":\"https:\/\/www.tasteofsardinia.it\/?page_id=737#breadcrumb\",\"itemListElement\":[{\"@type\":\"ListItem\",\"position\":1,\"name\":\"Home\",\"item\":\"https:\/\/www.tasteofsardinia.it\/\"},{\"@type\":\"ListItem\",\"position\":2,\"name\":\"PRODUTTORI\",\"item\":\"https:\/\/www.tasteofsardinia.it\/?page_id=250\"},{\"@type\":\"ListItem\",\"position\":3,\"name\":\"Cantine\",\"item\":\"https:\/\/www.tasteofsardinia.it\/?page_id=326\"},{\"@type\":\"ListItem\",\"position\":4,\"name\":\"Cantina Sociale della Vernaccia\"}]}]}<\/script>\n<!-- \/ Yoast SEO plugin. -->","yoast_head_json":{"title":"Cantina Sociale della Vernaccia - TASTE OF SARDINIA - Gusto di Sardegna","robots":{"index":"index","follow":"follow","max-snippet":"max-snippet:-1","max-image-preview":"max-image-preview:large","max-video-preview":"max-video-preview:-1"},"canonical":"https:\/\/www.tasteofsardinia.it\/?page_id=737","og_locale":"it_IT","og_type":"article","og_title":"Cantina Sociale della Vernaccia - TASTE OF SARDINIA - Gusto di Sardegna","og_description":"La Cantina Sociale della Vernaccia di Oristano produce vini d&#8217;eccellenza in Sardegna, presso l&#8217; enoteca interna \u00e8 possibile acquistare direttamente i vini. Da oltre mezzo secolo, l&#8217;azienda coniuga la qualit\u00e0 delle uve autoctone del territorio di Oristano con la qualit\u00e0 e le tecniche di ultima generazione che vengono utilizzate per la coltivazione delle viti. \u00a0Fondata","og_url":"https:\/\/www.tasteofsardinia.it\/?page_id=737","og_site_name":"TASTE OF SARDINIA - Gusto di Sardegna","article_modified_time":"2016-06-20T17:31:03+00:00","og_image":[{"url":"https:\/\/www.tasteofsardinia.it\/wp-content\/uploads\/2016\/06\/cantina-della-vernaccia.png"}],"twitter_card":"summary_large_image","twitter_site":"@Tasteofsardinia","twitter_misc":{"Tempo di lettura stimato":"1 minuto"},"schema":{"@context":"https:\/\/schema.org","@graph":[{"@type":"Organization","@id":"https:\/\/www.tasteofsardinia.it\/#organization","name":"TASTE O SARDINIA","url":"https:\/\/www.tasteofsardinia.it\/","sameAs":["https:\/\/twitter.com\/Tasteofsardinia"],"logo":{"@type":"ImageObject","@id":"https:\/\/www.tasteofsardinia.it\/#logo","inLanguage":"it-IT","url":"https:\/\/www.tasteofsardinia.it\/wp-content\/uploads\/2018\/01\/consegna-logo.png","contentUrl":"https:\/\/www.tasteofsardinia.it\/wp-content\/uploads\/2018\/01\/consegna-logo.png","width":200,"height":190,"caption":"TASTE O SARDINIA"},"image":{"@id":"https:\/\/www.tasteofsardinia.it\/#logo"}},{"@type":"WebSite","@id":"https:\/\/www.tasteofsardinia.it\/#website","url":"https:\/\/www.tasteofsardinia.it\/","name":"TASTE OF SARDINIA - Gusto di Sardegna","description":"Promozione del turismo enogastronomico e per la tutela dell&#039;identit\u00e0 Territoriale dei prodotti agroalimentari e vinicoli. Programmazione e promozione Tours enogastronomici e culturali.  Marchio di Identit\u00e0 Territoriale Registrazione \u00ae n. 302016000035074","publisher":{"@id":"https:\/\/www.tasteofsardinia.it\/#organization"},"potentialAction":[{"@type":"SearchAction","target":{"@type":"EntryPoint","urlTemplate":"https:\/\/www.tasteofsardinia.it\/?s={search_term_string}"},"query-input":"required name=search_term_string"}],"inLanguage":"it-IT"},{"@type":"ImageObject","@id":"https:\/\/www.tasteofsardinia.it\/?page_id=737#primaryimage","inLanguage":"it-IT","url":"https:\/\/www.tasteofsardinia.it\/wp-content\/uploads\/2016\/06\/cantina-della-vernaccia.png","contentUrl":"https:\/\/www.tasteofsardinia.it\/wp-content\/uploads\/2016\/06\/cantina-della-vernaccia.png","width":300,"height":168},{"@type":"WebPage","@id":"https:\/\/www.tasteofsardinia.it\/?page_id=737#webpage","url":"https:\/\/www.tasteofsardinia.it\/?page_id=737","name":"Cantina Sociale della Vernaccia - TASTE OF SARDINIA - Gusto di Sardegna","isPartOf":{"@id":"https:\/\/www.tasteofsardinia.it\/#website"},"primaryImageOfPage":{"@id":"https:\/\/www.tasteofsardinia.it\/?page_id=737#primaryimage"},"datePublished":"2016-06-20T17:30:25+00:00","dateModified":"2016-06-20T17:31:03+00:00","breadcrumb":{"@id":"https:\/\/www.tasteofsardinia.it\/?page_id=737#breadcrumb"},"inLanguage":"it-IT","potentialAction":[{"@type":"ReadAction","target":["https:\/\/www.tasteofsardinia.it\/?page_id=737"]}]},{"@type":"BreadcrumbList","@id":"https:\/\/www.tasteofsardinia.it\/?page_id=737#breadcrumb","itemListElement":[{"@type":"ListItem","position":1,"name":"Home","item":"https:\/\/www.tasteofsardinia.it\/"},{"@type":"ListItem","position":2,"name":"PRODUTTORI","item":"https:\/\/www.tasteofsardinia.it\/?page_id=250"},{"@type":"ListItem","position":3,"name":"Cantine","item":"https:\/\/www.tasteofsardinia.it\/?page_id=326"},{"@type":"ListItem","position":4,"name":"Cantina Sociale della Vernaccia"}]}]}},"_links":{"self":[{"href":"https:\/\/www.tasteofsardinia.it\/index.php?rest_route=\/wp\/v2\/pages\/737"}],"collection":[{"href":"https:\/\/www.tasteofsardinia.it\/index.php?rest_route=\/wp\/v2\/pages"}],"about":[{"href":"https:\/\/www.tasteofsardinia.it\/index.php?rest_route=\/wp\/v2\/types\/page"}],"author":[{"embeddable":true,"href":"https:\/\/www.tasteofsardinia.it\/index.php?rest_route=\/wp\/v2\/users\/1"}],"replies":[{"embeddable":true,"href":"https:\/\/www.tasteofsardinia.it\/index.php?rest_route=%2Fwp%2Fv2%2Fcomments&post=737"}],"version-history":[{"count":3,"href":"https:\/\/www.tasteofsardinia.it\/index.php?rest_route=\/wp\/v2\/pages\/737\/revisions"}],"predecessor-version":[{"id":743,"href":"https:\/\/www.tasteofsardinia.it\/index.php?rest_route=\/wp\/v2\/pages\/737\/revisions\/743"}],"up":[{"embeddable":true,"href":"https:\/\/www.tasteofsardinia.it\/index.php?rest_route=\/wp\/v2\/pages\/326"}],"wp:attachment":[{"href":"https:\/\/www.tasteofsardinia.it\/index.php?rest_route=%2Fwp%2Fv2%2Fmedia&parent=737"}],"curies":[{"name":"wp","href":"https:\/\/api.w.org\/{rel}","templated":true}]}}