{"id":1585,"date":"2020-11-21T19:36:15","date_gmt":"2020-11-21T18:36:15","guid":{"rendered":"https:\/\/www.tasteofsardinia.it\/?page_id=1585"},"modified":"2020-11-21T19:36:15","modified_gmt":"2020-11-21T18:36:15","slug":"mustacciolo-mustazolus-dolce-tipico-di-oristano","status":"publish","type":"page","link":"https:\/\/www.tasteofsardinia.it\/?page_id=1585","title":{"rendered":"Mustacciolo\/Mustazolus, dolce tipico di Oristano"},"content":{"rendered":"\n<p>Con il termine <strong>mostaccioli<\/strong> si indicano diversi tipologie di biscotti tradizionali italiani, piuttosto diversi tra di loro: i <strong>mostaccioli di Oristano<\/strong> ne sono solo la declinazione sarda. Il termine mostacciolo proviene da &#8220;<em>mustaceum<\/em>&#8220;,  parola latina che indicava una focaccia che veniva addolcita  utilizzando il mosto d&#8217;uva. Con il passare dei secoli, quasi ogni  regione italiana ha elaborato una propria variante dei mostaccioli, per  questo motivo sarebbe sempre opportuno indicare da quale regione  proviene la ricetta che si vuole proporre, perch\u00e9 parlare genericamente  di &#8220;mostaccioli&#8221; pu\u00f2 ingenerare confusione.<\/p>\n\n\n\n<p>I mostaccioli di Oristano sono la pi\u00f9 famosa variante sarda \ndi questi biscotti, e probabilmente una delle pi\u00f9 originali nel panorama\n italiano, grazie alla particolare lievitazione, molto lunga.<\/p>\n\n\n\n<p>La presenza di una quantit\u00e0 importante di zucchero, e la speziatura a base di cannella, tradisce la probabile derivazione araba dei mostaccioli di Oristano.<\/p>\n\n\n\n<p>Come accennato, la caratteristica davvero unica di questi dolcetti \u00e8 la <strong>lunga lievitazione<\/strong> (naturale, con lievito di birr<a href=\"https:\/\/www.cibo360.it\/alimentazione\/cibi\/cereali\/derivati\/lievito_di_birra.htm\">a<\/a>),  che nelle versioni pi\u00f9 tradizionali pu\u00f2 arrivare a 20 o addirittura 30  giorni, mentre nelle versioni pi\u00f9 &#8220;moderne&#8221; si limita (per cos\u00ec dire) a  un paio di giorni. La fermentazione cos\u00ec prolungata dell&#8217;impasto li  rende particolarmente morbidi, e questa morbidezza dura molto a lungo.<\/p>\n\n\n\n<p>La particolare forma romboidale dei mostaccioli di Oristano viene ottenuta con gli appositi (tradizionali) <strong>stampi in legno<\/strong>, o con le moderne <strong>formine in metallo<\/strong>.<\/p>\n\n\n\n<h3 class=\"wp-block-heading\">Abbinamento <\/h3>\n\n\n\n<p>Questo dolce tipico di Oristano si abbina molto bene con la Vernaccia di Oristano con invecchiamento sotto Flor di almeno 6 anni di invecchiamento in botte.<\/p>\n\n\n\n<p>Consigliamo: Antico Gregori &#8211; Cantina Contini Cabras &#8211; Vernaccia 2014 Silvio Carta &#8211; Judissa Cantina Sociale Rimedio\/Oristano &#8211; Vernaccia Famiglia Orro Tramatza<\/p>\n\n\n\n<div class=\"wp-block-image\"><figure class=\"aligncenter is-resized\"><img decoding=\"async\" loading=\"lazy\" src=\"https:\/\/www.tasteofsardinia.it\/wp-content\/uploads\/2020\/10\/vernaccia-oristano.png\" alt=\"Vernaccia di Oristano - \" class=\"wp-image-1583\" width=\"119\" height=\"320\"\/><figcaption>Vernaccia di Oristano &#8211; Cantina Contini Cabras<\/figcaption><\/figure><\/div>\n\n\n\n<h3 class=\"wp-block-heading\">La ricetta dei mostaccioli di Oristano<\/h3>\n\n\n\n<p><strong>Autore:<\/strong> Andrea Tibaldi<\/p>\n\n\n\n<p><strong>Tempo di preparazione:<\/strong> 30 min (+48 ore di lievitazione)<br>\n <\/p>\n\n\n\n<p><strong>Tempo di cottura:<\/strong> 15 min<\/p>\n\n\n\n<p><strong>Tempo totale:<\/strong> 45 min<\/p>\n\n\n\n<h3 class=\"wp-block-heading\">Ingredienti per 40 mostaccioli<\/h3>\n\n\n\n<ul><li>500 g di farina<\/li><li>500 g di zucchero<\/li><li>20 g di lievito di birra<\/li><li>mezzo cucchiaio di bicarbonato<\/li><li>mezzo cucchiaio di cannella<\/li><\/ul>\n\n\n\n<p><ins><ins><\/ins><\/ins><\/p>\n\n\n\n<p><strong>Per la glassa<\/strong><\/p>\n\n\n\n<ul><li>zucchero a velo<\/li><li>acqua qb<\/li><\/ul>\n\n\n\n<h3 class=\"wp-block-heading\">Preparazione<\/h3>\n\n\n\n<p>Sciogliere il lievito nell&#8217;acqua. Mescolare tutte le polveri (farina,\n zucchero, bicarbonato, cannella) in una ciotola, aggiungere l&#8217;acqua \npoca alla volta e mescolare con le mani, una volta esaurita l&#8217;acqua, se \nl&#8217;impasto \u00e8 troppo compatto aggiungerne altra, poca alla volta, fino ad \nottenere un impasto leggermente appiccicoso. Coprire con la pellicola o \ncon un panno umido e far lievitare in luogo fresco per 48 ore. Stendere \ncol mattarello una sfoglia alta 3 mm, aiutandosi con poca farina per non\n far attaccare l&#8217;impasto alla spianatoia. Formaredei rombi con un \ntagliapasta o con un coltello. Disporre su una teglia infarinata e \ncuocere a 160 gradi per 15 minuti, nel forno ventilato.<\/p>\n\n\n\n<p>Preparare \nla glassa aggiungendo poca acqua alla volta allo zucchero a velo, fino \nad ottenere un composto denso ma fluido. Quando i mostaccioli si saranno\n raffreddati, spennellare la glassa su ogni biscotto e farla asciugare \nper almeno una mezz&#8217;ora all&#8217;aria. Conservare i biscotti in luogo fresco,\n dentro a un contenitore chiuso ermeticamente, si conserveranno per \nsvariati giorni.<\/p>\n\n\n\n<h3 class=\"wp-block-heading\">Informazioni nutrizionali per biscotto<\/h3>\n\n\n\n<table class=\"wp-block-table\"><tbody><tr><td>\nEnergia<\/td><td>\n92 kcal &#8211; 385 KJoule<\/td><td>&nbsp;<\/td><\/tr><tr><td> Proteine ad alto VB\u00a0<\/td><td>\n0 g<\/td><\/tr><tr><td>\nProteine<\/td><td>\n1 g &#8211; 6%<\/td><\/tr><tr><td>\nCarboidrati<\/td><td>\n23 g &#8211; 93%<\/td><\/tr><tr><td>\nGrassi<\/td><td>\n0 g &#8211; 1%<\/td><\/tr><tr><td>\ndi cui<\/td><td>\n&nbsp;<\/td><\/tr><tr><td>\nsaturi<\/td><td>\n0.0 g<\/td><\/tr><tr><td>\nmonoinsaturi<\/td><td>\n0.0 g<\/td><\/tr><tr><td>\npolinsaturi<\/td><td>\n0.0 g<\/td><\/tr><tr><td>\nFibre<\/td><td>\n0 g<\/td><\/tr><tr><td>\nColesterolo<\/td><td>\n0 mg<\/td><\/tr><tr><td>\nSodio<\/td><td>\n0 mg<\/td><\/tr><\/tbody><\/table>\n","protected":false},"excerpt":{"rendered":"<p>Con il termine mostaccioli si indicano diversi tipologie di biscotti tradizionali italiani, piuttosto diversi tra di loro: i mostaccioli di Oristano ne sono solo la declinazione sarda. Il termine mostacciolo proviene da &#8220;mustaceum&#8220;, parola latina che indicava una focaccia che veniva addolcita utilizzando il mosto d&#8217;uva. Con il passare dei secoli, quasi ogni regione italiana<\/p>\n","protected":false},"author":1,"featured_media":1586,"parent":302,"menu_order":0,"comment_status":"closed","ping_status":"closed","template":"","meta":{"footnotes":""},"yoast_head":"<!-- This site is optimized with the Yoast SEO plugin v16.7 - https:\/\/yoast.com\/wordpress\/plugins\/seo\/ -->\n<title>Mustacciolo\/Mustazolus, dolce tipico di Oristano - TASTE OF SARDINIA - Gusto di Sardegna<\/title>\n<meta name=\"robots\" content=\"index, follow, max-snippet:-1, max-image-preview:large, max-video-preview:-1\" \/>\n<link rel=\"canonical\" href=\"https:\/\/www.tasteofsardinia.it\/?page_id=1585\" \/>\n<meta property=\"og:locale\" content=\"it_IT\" \/>\n<meta property=\"og:type\" content=\"article\" \/>\n<meta property=\"og:title\" content=\"Mustacciolo\/Mustazolus, dolce tipico di Oristano - TASTE OF SARDINIA - Gusto di Sardegna\" \/>\n<meta property=\"og:description\" content=\"Con il termine mostaccioli si indicano diversi tipologie di biscotti tradizionali italiani, piuttosto diversi tra di loro: i mostaccioli di Oristano ne sono solo la declinazione sarda. Il termine mostacciolo proviene da &#8220;mustaceum&#8220;, parola latina che indicava una focaccia che veniva addolcita utilizzando il mosto d&#8217;uva. Con il passare dei secoli, quasi ogni regione italiana\" \/>\n<meta property=\"og:url\" content=\"https:\/\/www.tasteofsardinia.it\/?page_id=1585\" \/>\n<meta property=\"og:site_name\" content=\"TASTE OF SARDINIA - Gusto di Sardegna\" \/>\n<meta property=\"og:image\" content=\"https:\/\/www.tasteofsardinia.it\/wp-content\/uploads\/2020\/11\/mustaccioli_0023-19-web.jpg\" \/>\n\t<meta property=\"og:image:width\" content=\"800\" \/>\n\t<meta property=\"og:image:height\" content=\"678\" \/>\n<meta name=\"twitter:card\" content=\"summary_large_image\" \/>\n<meta name=\"twitter:site\" content=\"@Tasteofsardinia\" \/>\n<meta name=\"twitter:label1\" content=\"Tempo di lettura stimato\" \/>\n\t<meta name=\"twitter:data1\" content=\"3 minuti\" \/>\n<script type=\"application\/ld+json\" class=\"yoast-schema-graph\">{\"@context\":\"https:\/\/schema.org\",\"@graph\":[{\"@type\":\"Organization\",\"@id\":\"https:\/\/www.tasteofsardinia.it\/#organization\",\"name\":\"TASTE O SARDINIA\",\"url\":\"https:\/\/www.tasteofsardinia.it\/\",\"sameAs\":[\"https:\/\/twitter.com\/Tasteofsardinia\"],\"logo\":{\"@type\":\"ImageObject\",\"@id\":\"https:\/\/www.tasteofsardinia.it\/#logo\",\"inLanguage\":\"it-IT\",\"url\":\"https:\/\/www.tasteofsardinia.it\/wp-content\/uploads\/2018\/01\/consegna-logo.png\",\"contentUrl\":\"https:\/\/www.tasteofsardinia.it\/wp-content\/uploads\/2018\/01\/consegna-logo.png\",\"width\":200,\"height\":190,\"caption\":\"TASTE O SARDINIA\"},\"image\":{\"@id\":\"https:\/\/www.tasteofsardinia.it\/#logo\"}},{\"@type\":\"WebSite\",\"@id\":\"https:\/\/www.tasteofsardinia.it\/#website\",\"url\":\"https:\/\/www.tasteofsardinia.it\/\",\"name\":\"TASTE OF SARDINIA - Gusto di Sardegna\",\"description\":\"Promozione del turismo enogastronomico e per la tutela dell&#039;identit\\u00e0 Territoriale dei prodotti agroalimentari e vinicoli. Programmazione e promozione Tours enogastronomici e culturali.  Marchio di Identit\\u00e0 Territoriale Registrazione \\u00ae n. 302016000035074\",\"publisher\":{\"@id\":\"https:\/\/www.tasteofsardinia.it\/#organization\"},\"potentialAction\":[{\"@type\":\"SearchAction\",\"target\":{\"@type\":\"EntryPoint\",\"urlTemplate\":\"https:\/\/www.tasteofsardinia.it\/?s={search_term_string}\"},\"query-input\":\"required name=search_term_string\"}],\"inLanguage\":\"it-IT\"},{\"@type\":\"ImageObject\",\"@id\":\"https:\/\/www.tasteofsardinia.it\/?page_id=1585#primaryimage\",\"inLanguage\":\"it-IT\",\"url\":\"https:\/\/www.tasteofsardinia.it\/wp-content\/uploads\/2020\/11\/mustaccioli_0023-19-web.jpg\",\"contentUrl\":\"https:\/\/www.tasteofsardinia.it\/wp-content\/uploads\/2020\/11\/mustaccioli_0023-19-web.jpg\",\"width\":800,\"height\":678,\"caption\":\"Mustacciolo di Oristano\"},{\"@type\":\"WebPage\",\"@id\":\"https:\/\/www.tasteofsardinia.it\/?page_id=1585#webpage\",\"url\":\"https:\/\/www.tasteofsardinia.it\/?page_id=1585\",\"name\":\"Mustacciolo\/Mustazolus, dolce tipico di Oristano - TASTE OF SARDINIA - Gusto di Sardegna\",\"isPartOf\":{\"@id\":\"https:\/\/www.tasteofsardinia.it\/#website\"},\"primaryImageOfPage\":{\"@id\":\"https:\/\/www.tasteofsardinia.it\/?page_id=1585#primaryimage\"},\"datePublished\":\"2020-11-21T18:36:15+00:00\",\"dateModified\":\"2020-11-21T18:36:15+00:00\",\"breadcrumb\":{\"@id\":\"https:\/\/www.tasteofsardinia.it\/?page_id=1585#breadcrumb\"},\"inLanguage\":\"it-IT\",\"potentialAction\":[{\"@type\":\"ReadAction\",\"target\":[\"https:\/\/www.tasteofsardinia.it\/?page_id=1585\"]}]},{\"@type\":\"BreadcrumbList\",\"@id\":\"https:\/\/www.tasteofsardinia.it\/?page_id=1585#breadcrumb\",\"itemListElement\":[{\"@type\":\"ListItem\",\"position\":1,\"name\":\"Home\",\"item\":\"https:\/\/www.tasteofsardinia.it\/\"},{\"@type\":\"ListItem\",\"position\":2,\"name\":\"PRODOTTI\",\"item\":\"https:\/\/www.tasteofsardinia.it\/?page_id=120\"},{\"@type\":\"ListItem\",\"position\":3,\"name\":\"Dolci\",\"item\":\"https:\/\/www.tasteofsardinia.it\/?page_id=302\"},{\"@type\":\"ListItem\",\"position\":4,\"name\":\"Mustacciolo\/Mustazolus, dolce tipico di Oristano\"}]}]}<\/script>\n<!-- \/ Yoast SEO plugin. -->","yoast_head_json":{"title":"Mustacciolo\/Mustazolus, dolce tipico di Oristano - TASTE OF SARDINIA - Gusto di Sardegna","robots":{"index":"index","follow":"follow","max-snippet":"max-snippet:-1","max-image-preview":"max-image-preview:large","max-video-preview":"max-video-preview:-1"},"canonical":"https:\/\/www.tasteofsardinia.it\/?page_id=1585","og_locale":"it_IT","og_type":"article","og_title":"Mustacciolo\/Mustazolus, dolce tipico di Oristano - TASTE OF SARDINIA - Gusto di Sardegna","og_description":"Con il termine mostaccioli si indicano diversi tipologie di biscotti tradizionali italiani, piuttosto diversi tra di loro: i mostaccioli di Oristano ne sono solo la declinazione sarda. Il termine mostacciolo proviene da &#8220;mustaceum&#8220;, parola latina che indicava una focaccia che veniva addolcita utilizzando il mosto d&#8217;uva. Con il passare dei secoli, quasi ogni regione italiana","og_url":"https:\/\/www.tasteofsardinia.it\/?page_id=1585","og_site_name":"TASTE OF SARDINIA - Gusto di Sardegna","og_image":[{"width":800,"height":678,"url":"https:\/\/www.tasteofsardinia.it\/wp-content\/uploads\/2020\/11\/mustaccioli_0023-19-web.jpg","path":"\/var\/www\/vhosts\/tasteofsardinia.it\/web\/wp-content\/uploads\/2020\/11\/mustaccioli_0023-19-web.jpg","size":"full","id":1586,"alt":"Mustacciolo di Oristano","pixels":542400,"type":"image\/jpeg"}],"twitter_card":"summary_large_image","twitter_site":"@Tasteofsardinia","twitter_misc":{"Tempo di lettura stimato":"3 minuti"},"schema":{"@context":"https:\/\/schema.org","@graph":[{"@type":"Organization","@id":"https:\/\/www.tasteofsardinia.it\/#organization","name":"TASTE O SARDINIA","url":"https:\/\/www.tasteofsardinia.it\/","sameAs":["https:\/\/twitter.com\/Tasteofsardinia"],"logo":{"@type":"ImageObject","@id":"https:\/\/www.tasteofsardinia.it\/#logo","inLanguage":"it-IT","url":"https:\/\/www.tasteofsardinia.it\/wp-content\/uploads\/2018\/01\/consegna-logo.png","contentUrl":"https:\/\/www.tasteofsardinia.it\/wp-content\/uploads\/2018\/01\/consegna-logo.png","width":200,"height":190,"caption":"TASTE O SARDINIA"},"image":{"@id":"https:\/\/www.tasteofsardinia.it\/#logo"}},{"@type":"WebSite","@id":"https:\/\/www.tasteofsardinia.it\/#website","url":"https:\/\/www.tasteofsardinia.it\/","name":"TASTE OF SARDINIA - Gusto di Sardegna","description":"Promozione del turismo enogastronomico e per la tutela dell&#039;identit\u00e0 Territoriale dei prodotti agroalimentari e vinicoli. Programmazione e promozione Tours enogastronomici e culturali.  Marchio di Identit\u00e0 Territoriale Registrazione \u00ae n. 302016000035074","publisher":{"@id":"https:\/\/www.tasteofsardinia.it\/#organization"},"potentialAction":[{"@type":"SearchAction","target":{"@type":"EntryPoint","urlTemplate":"https:\/\/www.tasteofsardinia.it\/?s={search_term_string}"},"query-input":"required name=search_term_string"}],"inLanguage":"it-IT"},{"@type":"ImageObject","@id":"https:\/\/www.tasteofsardinia.it\/?page_id=1585#primaryimage","inLanguage":"it-IT","url":"https:\/\/www.tasteofsardinia.it\/wp-content\/uploads\/2020\/11\/mustaccioli_0023-19-web.jpg","contentUrl":"https:\/\/www.tasteofsardinia.it\/wp-content\/uploads\/2020\/11\/mustaccioli_0023-19-web.jpg","width":800,"height":678,"caption":"Mustacciolo di Oristano"},{"@type":"WebPage","@id":"https:\/\/www.tasteofsardinia.it\/?page_id=1585#webpage","url":"https:\/\/www.tasteofsardinia.it\/?page_id=1585","name":"Mustacciolo\/Mustazolus, dolce tipico di Oristano - TASTE OF SARDINIA - Gusto di Sardegna","isPartOf":{"@id":"https:\/\/www.tasteofsardinia.it\/#website"},"primaryImageOfPage":{"@id":"https:\/\/www.tasteofsardinia.it\/?page_id=1585#primaryimage"},"datePublished":"2020-11-21T18:36:15+00:00","dateModified":"2020-11-21T18:36:15+00:00","breadcrumb":{"@id":"https:\/\/www.tasteofsardinia.it\/?page_id=1585#breadcrumb"},"inLanguage":"it-IT","potentialAction":[{"@type":"ReadAction","target":["https:\/\/www.tasteofsardinia.it\/?page_id=1585"]}]},{"@type":"BreadcrumbList","@id":"https:\/\/www.tasteofsardinia.it\/?page_id=1585#breadcrumb","itemListElement":[{"@type":"ListItem","position":1,"name":"Home","item":"https:\/\/www.tasteofsardinia.it\/"},{"@type":"ListItem","position":2,"name":"PRODOTTI","item":"https:\/\/www.tasteofsardinia.it\/?page_id=120"},{"@type":"ListItem","position":3,"name":"Dolci","item":"https:\/\/www.tasteofsardinia.it\/?page_id=302"},{"@type":"ListItem","position":4,"name":"Mustacciolo\/Mustazolus, dolce tipico di Oristano"}]}]}},"_links":{"self":[{"href":"https:\/\/www.tasteofsardinia.it\/index.php?rest_route=\/wp\/v2\/pages\/1585"}],"collection":[{"href":"https:\/\/www.tasteofsardinia.it\/index.php?rest_route=\/wp\/v2\/pages"}],"about":[{"href":"https:\/\/www.tasteofsardinia.it\/index.php?rest_route=\/wp\/v2\/types\/page"}],"author":[{"embeddable":true,"href":"https:\/\/www.tasteofsardinia.it\/index.php?rest_route=\/wp\/v2\/users\/1"}],"replies":[{"embeddable":true,"href":"https:\/\/www.tasteofsardinia.it\/index.php?rest_route=%2Fwp%2Fv2%2Fcomments&post=1585"}],"version-history":[{"count":4,"href":"https:\/\/www.tasteofsardinia.it\/index.php?rest_route=\/wp\/v2\/pages\/1585\/revisions"}],"predecessor-version":[{"id":1590,"href":"https:\/\/www.tasteofsardinia.it\/index.php?rest_route=\/wp\/v2\/pages\/1585\/revisions\/1590"}],"up":[{"embeddable":true,"href":"https:\/\/www.tasteofsardinia.it\/index.php?rest_route=\/wp\/v2\/pages\/302"}],"wp:featuredmedia":[{"embeddable":true,"href":"https:\/\/www.tasteofsardinia.it\/index.php?rest_route=\/wp\/v2\/media\/1586"}],"wp:attachment":[{"href":"https:\/\/www.tasteofsardinia.it\/index.php?rest_route=%2Fwp%2Fv2%2Fmedia&parent=1585"}],"curies":[{"name":"wp","href":"https:\/\/api.w.org\/{rel}","templated":true}]}}