{"id":1043,"date":"2017-06-02T11:48:28","date_gmt":"2017-06-02T09:48:28","guid":{"rendered":"https:\/\/www.tasteofsardinia.it\/?page_id=1043"},"modified":"2017-06-02T11:56:39","modified_gmt":"2017-06-02T09:56:39","slug":"perche-associarsi-a-taste-of-sardinia","status":"publish","type":"page","link":"https:\/\/www.tasteofsardinia.it\/?page_id=1043","title":{"rendered":"Perch\u00e8 associarsi a Taste of sardinia?"},"content":{"rendered":"<p><strong>Perch\u00e8 associarsi a Taste of sardinia?<\/strong><\/p>\n<ul>\n<li>per essere riconosciuti attraverso il marchio delle eccellenze sarde<\/li>\n<li>l&#8217;uso del marchio identifica il prodotto come eccellenza e identit\u00e0 sarda<\/li>\n<li>presenza sul sito dell&#8217;associazione con 1 pagina dedicatea e georeferenziata per usufruire della visibilit\u00e0 sul web<\/li>\n<li>entrare a far parte di una rete di produttori, ristoratori e della ricettivit\u00e0 di eccellenza<\/li>\n<li>entrare in un paniere di prodotti da presentare sui mercati regionali, nazionali ed esteri<\/li>\n<li>condividere progetti di marketing e partecipazione a bandi Europei di internazionalizzazione<\/li>\n<\/ul>\n<p>Con un contributo<\/p>\n<ul>\n<li>entrare a far parte dei percorsi enogastronomici della propria zona e essere inseriti nelle \u201cGuide del gusto\u201d distribuite presso le strutture turistiche, nei ristoranti, negli info point, scaricabile dal web e\/o attraverso un App con guida georeferenziata.<\/li>\n<li>inserimento nei pacchetti turistici dei percorsi enogastronomici<\/li>\n<li>dopo la verifica dei requisiti poter utilizzare il marchio sui prodotti e sulla pubblicit\u00e0 aziendale in tutte le sue forme<\/li>\n<li>essere collegati, attraverso il sito dell&#8217;associazioni con altre piattaforme web di turismo e di \u00a0enogastronomia per vendita in e-commerce di prodotti e\/o percorsi turistici, prenotazioni per degustazioni nelle aziende, visite nelle botteghe artigiane, caseifici, cantine e dell&#8217;agroalimentare.<\/li>\n<li>partecipare agli eventi delle \u201cGiornate dei \u201cGusto di Sardegna\u201d<\/li>\n<li>partecipare alle giornate associative per conoscere altri associati con cui instaurare rapporti commerciali fra produttori, ristoratori, ricettivit\u00e0, GDO, buyer del food e beverage e del turismo<\/li>\n<li>partecipare alle missioni all&#8217;estero<\/li>\n<li>usufruire della card associativa che d\u00e0 diritto a convenzioni e sconti fra associati e clienti del settore turismo<\/li>\n<li>fidelizzazione e tracciamento clienti<\/li>\n<li>newsletter su iniziative, eventi e bandi di finanziamento<\/li>\n<li>partecipazione a work-shop e giornate di formazione sul webmarketing e strategie SEO<\/li>\n<li>accrescere il proprio business e la visibilit\u00e0 dell&#8217;azienda attraverso attivit\u00e0 di PR<\/li>\n<li>per l&#8217;orgoglio di essere sardi, difendere le tradizioni, la propria identit\u00e0 e trasmetterne i valori<\/li>\n<\/ul>\n<p>Quanto costa associarsi?<\/p>\n<ul>\n<li>la quota come socio ordinario \u00e8 di 100,00 euro anno *<\/li>\n<li>la quota come socio sostenitore \u00e8 a offerta, con un minimo di 50,00 euro anno *<\/li>\n<li>la quota di partecipazione ai soli eventi, corsi o degustazioni \u00e8 di 10,00 euro a evento<\/li>\n<li>La quota non comprende l&#8217;assegnazione del marchio che \u00e8 subordinato alla verifica delle regole del disciplinare.<\/li>\n<li>L&#8217;utilizzo del marchio \u00e8 regolato da un regolamento interno e i costi variano a seconda del numero dei prodotti selezionati.<\/li>\n<\/ul>\n<p>&nbsp;<\/p>\n<p>Per le attivit\u00e0 che necessitano di organizzazione logistica, consulenze tecniche esterne, docenti, show-cooking, sar\u00e0 prevista una quota di partecipazione.<\/p>\n","protected":false},"excerpt":{"rendered":"<p>Perch\u00e8 associarsi a Taste of sardinia? per essere riconosciuti attraverso il marchio delle eccellenze sarde l&#8217;uso del marchio identifica il prodotto come eccellenza e identit\u00e0 sarda presenza sul sito dell&#8217;associazione con 1 pagina dedicatea e georeferenziata per usufruire della visibilit\u00e0 sul web entrare a far parte di una rete di produttori, ristoratori e della ricettivit\u00e0<\/p>\n","protected":false},"author":1,"featured_media":0,"parent":259,"menu_order":0,"comment_status":"closed","ping_status":"closed","template":"","meta":{"footnotes":""},"yoast_head":"<!-- This site is optimized with the Yoast SEO plugin v16.7 - https:\/\/yoast.com\/wordpress\/plugins\/seo\/ -->\n<title>Perch\u00e8 associarsi a Taste of sardinia? - TASTE OF SARDINIA - Gusto di Sardegna<\/title>\n<meta name=\"robots\" content=\"index, follow, max-snippet:-1, max-image-preview:large, max-video-preview:-1\" \/>\n<link rel=\"canonical\" href=\"https:\/\/www.tasteofsardinia.it\/?page_id=1043\" \/>\n<meta property=\"og:locale\" content=\"it_IT\" \/>\n<meta property=\"og:type\" content=\"article\" \/>\n<meta property=\"og:title\" content=\"Perch\u00e8 associarsi a Taste of sardinia? - TASTE OF SARDINIA - Gusto di Sardegna\" \/>\n<meta property=\"og:description\" content=\"Perch\u00e8 associarsi a Taste of sardinia? per essere riconosciuti attraverso il marchio delle eccellenze sarde l&#8217;uso del marchio identifica il prodotto come eccellenza e identit\u00e0 sarda presenza sul sito dell&#8217;associazione con 1 pagina dedicatea e georeferenziata per usufruire della visibilit\u00e0 sul web entrare a far parte di una rete di produttori, ristoratori e della ricettivit\u00e0\" \/>\n<meta property=\"og:url\" content=\"https:\/\/www.tasteofsardinia.it\/?page_id=1043\" \/>\n<meta property=\"og:site_name\" content=\"TASTE OF SARDINIA - Gusto di Sardegna\" \/>\n<meta property=\"article:modified_time\" content=\"2017-06-02T09:56:39+00:00\" \/>\n<meta name=\"twitter:card\" content=\"summary_large_image\" \/>\n<meta name=\"twitter:site\" content=\"@Tasteofsardinia\" \/>\n<meta name=\"twitter:label1\" content=\"Tempo di lettura stimato\" \/>\n\t<meta name=\"twitter:data1\" content=\"2 minuti\" \/>\n<script type=\"application\/ld+json\" class=\"yoast-schema-graph\">{\"@context\":\"https:\/\/schema.org\",\"@graph\":[{\"@type\":\"Organization\",\"@id\":\"https:\/\/www.tasteofsardinia.it\/#organization\",\"name\":\"TASTE O SARDINIA\",\"url\":\"https:\/\/www.tasteofsardinia.it\/\",\"sameAs\":[\"https:\/\/twitter.com\/Tasteofsardinia\"],\"logo\":{\"@type\":\"ImageObject\",\"@id\":\"https:\/\/www.tasteofsardinia.it\/#logo\",\"inLanguage\":\"it-IT\",\"url\":\"https:\/\/www.tasteofsardinia.it\/wp-content\/uploads\/2018\/01\/consegna-logo.png\",\"contentUrl\":\"https:\/\/www.tasteofsardinia.it\/wp-content\/uploads\/2018\/01\/consegna-logo.png\",\"width\":200,\"height\":190,\"caption\":\"TASTE O SARDINIA\"},\"image\":{\"@id\":\"https:\/\/www.tasteofsardinia.it\/#logo\"}},{\"@type\":\"WebSite\",\"@id\":\"https:\/\/www.tasteofsardinia.it\/#website\",\"url\":\"https:\/\/www.tasteofsardinia.it\/\",\"name\":\"TASTE OF SARDINIA - Gusto di Sardegna\",\"description\":\"Promozione del turismo enogastronomico e per la tutela dell&#039;identit\\u00e0 Territoriale dei prodotti agroalimentari e vinicoli. Programmazione e promozione Tours enogastronomici e culturali.  Marchio di Identit\\u00e0 Territoriale Registrazione \\u00ae n. 302016000035074\",\"publisher\":{\"@id\":\"https:\/\/www.tasteofsardinia.it\/#organization\"},\"potentialAction\":[{\"@type\":\"SearchAction\",\"target\":{\"@type\":\"EntryPoint\",\"urlTemplate\":\"https:\/\/www.tasteofsardinia.it\/?s={search_term_string}\"},\"query-input\":\"required name=search_term_string\"}],\"inLanguage\":\"it-IT\"},{\"@type\":\"WebPage\",\"@id\":\"https:\/\/www.tasteofsardinia.it\/?page_id=1043#webpage\",\"url\":\"https:\/\/www.tasteofsardinia.it\/?page_id=1043\",\"name\":\"Perch\\u00e8 associarsi a Taste of sardinia? - TASTE OF SARDINIA - Gusto di Sardegna\",\"isPartOf\":{\"@id\":\"https:\/\/www.tasteofsardinia.it\/#website\"},\"datePublished\":\"2017-06-02T09:48:28+00:00\",\"dateModified\":\"2017-06-02T09:56:39+00:00\",\"breadcrumb\":{\"@id\":\"https:\/\/www.tasteofsardinia.it\/?page_id=1043#breadcrumb\"},\"inLanguage\":\"it-IT\",\"potentialAction\":[{\"@type\":\"ReadAction\",\"target\":[\"https:\/\/www.tasteofsardinia.it\/?page_id=1043\"]}]},{\"@type\":\"BreadcrumbList\",\"@id\":\"https:\/\/www.tasteofsardinia.it\/?page_id=1043#breadcrumb\",\"itemListElement\":[{\"@type\":\"ListItem\",\"position\":1,\"name\":\"Home\",\"item\":\"https:\/\/www.tasteofsardinia.it\/\"},{\"@type\":\"ListItem\",\"position\":2,\"name\":\"IL PROGETTO\",\"item\":\"https:\/\/www.tasteofsardinia.it\/?page_id=259\"},{\"@type\":\"ListItem\",\"position\":3,\"name\":\"Perch\\u00e8 associarsi a Taste of sardinia?\"}]}]}<\/script>\n<!-- \/ Yoast SEO plugin. -->","yoast_head_json":{"title":"Perch\u00e8 associarsi a Taste of sardinia? - TASTE OF SARDINIA - Gusto di Sardegna","robots":{"index":"index","follow":"follow","max-snippet":"max-snippet:-1","max-image-preview":"max-image-preview:large","max-video-preview":"max-video-preview:-1"},"canonical":"https:\/\/www.tasteofsardinia.it\/?page_id=1043","og_locale":"it_IT","og_type":"article","og_title":"Perch\u00e8 associarsi a Taste of sardinia? - TASTE OF SARDINIA - Gusto di Sardegna","og_description":"Perch\u00e8 associarsi a Taste of sardinia? per essere riconosciuti attraverso il marchio delle eccellenze sarde l&#8217;uso del marchio identifica il prodotto come eccellenza e identit\u00e0 sarda presenza sul sito dell&#8217;associazione con 1 pagina dedicatea e georeferenziata per usufruire della visibilit\u00e0 sul web entrare a far parte di una rete di produttori, ristoratori e della ricettivit\u00e0","og_url":"https:\/\/www.tasteofsardinia.it\/?page_id=1043","og_site_name":"TASTE OF SARDINIA - Gusto di Sardegna","article_modified_time":"2017-06-02T09:56:39+00:00","twitter_card":"summary_large_image","twitter_site":"@Tasteofsardinia","twitter_misc":{"Tempo di lettura stimato":"2 minuti"},"schema":{"@context":"https:\/\/schema.org","@graph":[{"@type":"Organization","@id":"https:\/\/www.tasteofsardinia.it\/#organization","name":"TASTE O SARDINIA","url":"https:\/\/www.tasteofsardinia.it\/","sameAs":["https:\/\/twitter.com\/Tasteofsardinia"],"logo":{"@type":"ImageObject","@id":"https:\/\/www.tasteofsardinia.it\/#logo","inLanguage":"it-IT","url":"https:\/\/www.tasteofsardinia.it\/wp-content\/uploads\/2018\/01\/consegna-logo.png","contentUrl":"https:\/\/www.tasteofsardinia.it\/wp-content\/uploads\/2018\/01\/consegna-logo.png","width":200,"height":190,"caption":"TASTE O SARDINIA"},"image":{"@id":"https:\/\/www.tasteofsardinia.it\/#logo"}},{"@type":"WebSite","@id":"https:\/\/www.tasteofsardinia.it\/#website","url":"https:\/\/www.tasteofsardinia.it\/","name":"TASTE OF SARDINIA - Gusto di Sardegna","description":"Promozione del turismo enogastronomico e per la tutela dell&#039;identit\u00e0 Territoriale dei prodotti agroalimentari e vinicoli. Programmazione e promozione Tours enogastronomici e culturali.  Marchio di Identit\u00e0 Territoriale Registrazione \u00ae n. 302016000035074","publisher":{"@id":"https:\/\/www.tasteofsardinia.it\/#organization"},"potentialAction":[{"@type":"SearchAction","target":{"@type":"EntryPoint","urlTemplate":"https:\/\/www.tasteofsardinia.it\/?s={search_term_string}"},"query-input":"required name=search_term_string"}],"inLanguage":"it-IT"},{"@type":"WebPage","@id":"https:\/\/www.tasteofsardinia.it\/?page_id=1043#webpage","url":"https:\/\/www.tasteofsardinia.it\/?page_id=1043","name":"Perch\u00e8 associarsi a Taste of sardinia? - TASTE OF SARDINIA - Gusto di Sardegna","isPartOf":{"@id":"https:\/\/www.tasteofsardinia.it\/#website"},"datePublished":"2017-06-02T09:48:28+00:00","dateModified":"2017-06-02T09:56:39+00:00","breadcrumb":{"@id":"https:\/\/www.tasteofsardinia.it\/?page_id=1043#breadcrumb"},"inLanguage":"it-IT","potentialAction":[{"@type":"ReadAction","target":["https:\/\/www.tasteofsardinia.it\/?page_id=1043"]}]},{"@type":"BreadcrumbList","@id":"https:\/\/www.tasteofsardinia.it\/?page_id=1043#breadcrumb","itemListElement":[{"@type":"ListItem","position":1,"name":"Home","item":"https:\/\/www.tasteofsardinia.it\/"},{"@type":"ListItem","position":2,"name":"IL PROGETTO","item":"https:\/\/www.tasteofsardinia.it\/?page_id=259"},{"@type":"ListItem","position":3,"name":"Perch\u00e8 associarsi a Taste of sardinia?"}]}]}},"_links":{"self":[{"href":"https:\/\/www.tasteofsardinia.it\/index.php?rest_route=\/wp\/v2\/pages\/1043"}],"collection":[{"href":"https:\/\/www.tasteofsardinia.it\/index.php?rest_route=\/wp\/v2\/pages"}],"about":[{"href":"https:\/\/www.tasteofsardinia.it\/index.php?rest_route=\/wp\/v2\/types\/page"}],"author":[{"embeddable":true,"href":"https:\/\/www.tasteofsardinia.it\/index.php?rest_route=\/wp\/v2\/users\/1"}],"replies":[{"embeddable":true,"href":"https:\/\/www.tasteofsardinia.it\/index.php?rest_route=%2Fwp%2Fv2%2Fcomments&post=1043"}],"version-history":[{"count":1,"href":"https:\/\/www.tasteofsardinia.it\/index.php?rest_route=\/wp\/v2\/pages\/1043\/revisions"}],"predecessor-version":[{"id":1044,"href":"https:\/\/www.tasteofsardinia.it\/index.php?rest_route=\/wp\/v2\/pages\/1043\/revisions\/1044"}],"up":[{"embeddable":true,"href":"https:\/\/www.tasteofsardinia.it\/index.php?rest_route=\/wp\/v2\/pages\/259"}],"wp:attachment":[{"href":"https:\/\/www.tasteofsardinia.it\/index.php?rest_route=%2Fwp%2Fv2%2Fmedia&parent=1043"}],"curies":[{"name":"wp","href":"https:\/\/api.w.org\/{rel}","templated":true}]}}